{"id":567,"date":"2020-07-05T18:28:37","date_gmt":"2020-07-05T16:28:37","guid":{"rendered":"http:\/\/hv-archi.com\/index.php\/home-image-francais\/"},"modified":"2021-07-20T16:48:23","modified_gmt":"2021-07-20T14:48:23","slug":"home-image-francais","status":"publish","type":"page","link":"http:\/\/hv-archi.com\/index.php\/fr\/home-image-francais\/","title":{"rendered":"L&#8217;HOMME VOLANT &#8211; Fran\u00e7ais"},"content":{"rendered":"<p>[vc_row full_width=&#8221;stretch_row&#8221; cth_layout=&#8221;monolit_fullheight_sec&#8221;][vc_column css=&#8221;.vc_custom_1594065116028{padding-right: 0px !important;padding-left: 0px !important;background-color: #507779 !important;}&#8221;][monolit_home_image bgimg=&#8221;10&#8243;]<\/p>\n<h2>L&#8217;HOMME VOLANT<\/h2>\n<h3>Societe D&#8217;Architecture S.R.L.<\/h3>\n<p>[\/monolit_home_image][\/vc_column][\/vc_row][vc_row cth_layout=&#8221;monolit_page_sec&#8221; sec_number=&#8221;01&#8243; el_id=&#8221;sec1&#8243; css=&#8221;.vc_custom_1594042588154{background-color: #ffffff !important;}&#8221;][vc_column offset=&#8221;vc_col-md-4&#8243;][monolit_carousel_slider_multiimgs autoheight=&#8221;no&#8221; autowidth=&#8221;yes&#8221; dots=&#8221;no&#8221; box_pos=&#8221;center&#8221; img_size=&#8221;full&#8221; slideimages=&#8221;596&#8243;][\/vc_column][vc_column offset=&#8221;vc_col-md-8&#8243;][vc_column_text]<\/p>\n<h2 class=\"section-title\">Pr\u00e9sentation<\/h2>\n<p>La soci\u00e9t\u00e9 d\u2019architecture \u00ab\u00a0L\u2019homme volant soci\u00e9t\u00e9 d\u2019architecture S.r.l.\u00a0\u00bb, fond\u00e9e en janvier 2007, se compose de deux architectes associ\u00e9s\u00a0: Silvia Ranalletta, inscrite \u00e0 l\u2019Ordre des Architectes de Rome sous le num\u00e9ro 17724 et de Franck Kuntz, architecte DPLG inscrit \u00e0 l\u2019Ordre des Architectes de Rome sous le num\u00e9ro 17781 et inscrit \u00e0 l\u2019Ordre des Architectes d\u2019Alsace sous le num\u00e9ro r\u00e9gional 01084 (num\u00e9ro national 071373.<\/p>\n<div><\/div>\n<div class=\"process-box\"><\/div>\n<div><\/div>\n<p>[\/vc_column_text][\/vc_column][\/vc_row][vc_row cth_layout=&#8221;monolit_page_sec&#8221; css=&#8221;.vc_custom_1594042613242{padding-top: 80px !important;background-color: #ffffff !important;}&#8221; el_id=&#8221;Competenze&#8221;][vc_column width=&#8221;1\/4&#8243; css=&#8221;.vc_custom_1594038337413{padding-left: 80px !important;}&#8221;][monolit_parallax_box]<img loading=\"lazy\" class=\"wp-image-808 alignright\" src=\"http:\/\/hv-archi.com\/wp-content\/uploads\/2020\/07\/Competences-300x62.jpg\" alt=\"\" width=\"252\" height=\"52\" srcset=\"http:\/\/hv-archi.com\/wp-content\/uploads\/2020\/07\/Competences-300x62.jpg 300w, http:\/\/hv-archi.com\/wp-content\/uploads\/2020\/07\/Competences.jpg 394w\" sizes=\"(max-width: 252px) 100vw, 252px\" \/>[\/monolit_parallax_box][\/vc_column][vc_column width=&#8221;3\/4&#8243; css=&#8221;.vc_custom_1593988635054{padding-right: 85px !important;}&#8221;][vc_column_text]<\/p>\n<h4><strong>Un architecte, pourquoi\u00a0?<\/strong><\/h4>\n<p>Un architecte est un professionnel qui vous accompagne dans votre projet immobilier quelqu\u2019il soit\u00a0: estimation, diagnostic, d\u00e9finition de projet, \u00e9laboration de projet, construction, transformation, am\u00e9nagement, extension, restructuration, achat, etc. avec une attention particuli\u00e8re \u00e0 vos exigences, \u00e0 vos go\u00fbts, aux n\u00e9cessit\u00e9s techniques et \u00e0 vos possibilit\u00e9s \u00e9conomiques.<\/p>\n<p><em>\u00a0<\/em><\/p>\n<p>Le r\u00f4le de votre architecte est avant tout de vous \u00e9couter. \u00c0 partir de <strong>vos besoins<\/strong>, de <strong>vos go\u00fbts<\/strong>, de votre mode de vie, de l&#8217;\u00e9volution possible de votre famille, de votre entreprise, l&#8217;architecte vous aide \u00e0 d\u00e9finir votre projet : dispositions des lieux, utilisation des surfaces, organisation des volumes int\u00e9rieurs, aspect ext\u00e9rieur, aspects techniques et administratifs (Permis de construire, d\u00e9claration pr\u00e9alable de travaux).<\/p>\n<p>Votre architecte vous propose un projet compatible avec <strong>vos moyens financiers.<\/strong> Il se fait ensuite votre avocat aupr\u00e8s des entreprises afin de vous faire b\u00e9n\u00e9ficier d&#8217;une r\u00e9alisation de qualit\u00e9 aux meilleures conditions techniques et financi\u00e8res.<\/p>\n<p>Votre architecte vous accompagne dans votre projet en tenant compte de vos choix esth\u00e9tiques, organisationnels, de vos besoins. Pour cela, votre architecte vous conseille sur des techniques et des mat\u00e9riaux ad hoc.<\/p>\n<p>En cours de chantier, il v\u00e9rifie pour votre compte la qualit\u00e9 des mat\u00e9riaux utilis\u00e9s et la rigueur avec laquelle ils sont mis en oeuvre.<\/p>\n<p>L\u2019architecte est un professionnel\u00a0: il engage sa responsabilit\u00e9 vis-\u00e0-vis de son client \u00e0 chaque niveau de son intervention\u00a0: conception du projet, direction des travaux.<\/p>\n<p>&nbsp;<\/p>\n<p>Notre soci\u00e9t\u00e9 met \u00e0 disposition les comp\u00e9tences suivantes\u00a0:<\/p>\n<ul>\n<li>Diagnostic de b\u00e2timent en vue d\u2019un achat, de projet immobilier, et d\u2019estimation\u00a0;<\/li>\n<li>Relev\u00e9 de bien immobilier\u00a0;<\/li>\n<li>Conseil, allant du bilan \u00e9nerg\u00e9tique \u00e0 une op\u00e9ration immobili\u00e8re\u00a0;<\/li>\n<li>\u00c9tude pr\u00e9liminaire, d\u00e9finitive et ex\u00e9cutive\u00a0;<\/li>\n<li>Coordonnateur S\u00e9curit\u00e9 et Protection Sant\u00e9 (SPS);<\/li>\n<li>Direction de travaux\u00a0;<\/li>\n<li>D\u00e9marches administratives li\u00e9es \u00e0 la construction\u00a0: permis de construire, d\u00e9claration de travaux, recherche cadastrale, Plan local d\u2019Urbanisation (P.L.U.), Plan d\u2019Occupation des Sols (P.O.S.), etc.<\/li>\n<\/ul>\n<p>[\/vc_column_text][\/vc_column][\/vc_row][vc_row cth_layout=&#8221;monolit_page_sec&#8221; sec_number=&#8221;02&#8243; el_id=&#8221;sec4&#8243;][vc_column][vc_column_text css=&#8221;.vc_custom_1594135257302{padding-right: 60px !important;}&#8221;]<\/p>\n<h2 class=\"section-title algn-right dec-title\">SECTIONS<\/h2>\n<p>[\/vc_column_text][monolit_portfolios_parallax posts_per_page=&#8221;4&#8243; show_cat=&#8221;no&#8221; view_all_link=&#8221;&#8221; ids=&#8221;811,647,815,813&#8243;][\/vc_column][\/vc_row]<\/p>\n<div style=\"overflow:hidden;height:1px;\"><a href=\"https:\/\/mycasino77.com\/rainbow-riches\/\">rainbow riches free spins cheats<\/a><\/div>\n<div style=\"overflow:hidden;height:1px;\"><a href=\"https:\/\/thaiasiaslots.com\/\">\u0e2a\u0e25\u0e47\u0e2d\u0e15\u0e41\u0e21\u0e0a\u0e0a\u0e35\u0e19\u0e41\u0e25\u0e30\u0e04\u0e32\u0e2a\u0e34\u0e42\u0e19\u0e2d\u0e2d\u0e19\u0e44\u0e25\u0e19\u0e4c<\/a><\/div>\n<div style=\"overflow:hidden;height:1px;\"><a href=\"https:\/\/nondepositbingo.com\/mahjong-online\/\">website<\/a><\/div>\n<div style=\"overflow:hidden;height:1px;\"><a href=\"https:\/\/daily-free-spins.com\/\">free spins no deposit bonus<\/a><\/div>\n<div style=\"overflow:hidden;height:1px;\"><a href=\"https:\/\/footballbettingpredict.com\/\">football betting online<\/a><\/div>\n","protected":false},"excerpt":{"rendered":"<p>[vc_row full_width=&#8221;stretch_row&#8221; cth_layout=&#8221;monolit_fullheight_sec&#8221;][vc_column css=&#8221;.vc_custom_1594065116028{padding-right: 0px !important;padding-left: 0px !important;background-color: #507779 !important;}&#8221;][monolit_home_image bgimg=&#8221;10&#8243;] L&#8217;HOMME VOLANT Societe D&#8217;Architecture S.R.L. [\/monolit_home_image][\/vc_column][\/vc_row][vc_row cth_layout=&#8221;monolit_page_sec&#8221; sec_number=&#8221;01&#8243; el_id=&#8221;sec1&#8243; css=&#8221;.vc_custom_1594042588154{background-color: #ffffff !important;}&#8221;][vc_column offset=&#8221;vc_col-md-4&#8243;][monolit_carousel_slider_multiimgs autoheight=&#8221;no&#8221; autowidth=&#8221;yes&#8221; dots=&#8221;no&#8221; box_pos=&#8221;center&#8221; img_size=&#8221;full&#8221; slideimages=&#8221;596&#8243;][\/vc_column][vc_column offset=&#8221;vc_col-md-8&#8243;][vc_column_text] Pr\u00e9sentation La soci\u00e9t\u00e9 d\u2019architecture \u00ab\u00a0L\u2019homme volant soci\u00e9t\u00e9 d\u2019architecture S.r.l.\u00a0\u00bb, fond\u00e9e en janvier 2007, se compose de deux architectes associ\u00e9s\u00a0: Silvia Ranalletta, inscrite \u00e0 l\u2019Ordre [&hellip;]<\/p>\n","protected":false},"author":1,"featured_media":0,"parent":0,"menu_order":0,"comment_status":"closed","ping_status":"closed","template":"homepage.php","meta":[],"_links":{"self":[{"href":"http:\/\/hv-archi.com\/index.php\/wp-json\/wp\/v2\/pages\/567"}],"collection":[{"href":"http:\/\/hv-archi.com\/index.php\/wp-json\/wp\/v2\/pages"}],"about":[{"href":"http:\/\/hv-archi.com\/index.php\/wp-json\/wp\/v2\/types\/page"}],"author":[{"embeddable":true,"href":"http:\/\/hv-archi.com\/index.php\/wp-json\/wp\/v2\/users\/1"}],"replies":[{"embeddable":true,"href":"http:\/\/hv-archi.com\/index.php\/wp-json\/wp\/v2\/comments?post=567"}],"version-history":[{"count":29,"href":"http:\/\/hv-archi.com\/index.php\/wp-json\/wp\/v2\/pages\/567\/revisions"}],"predecessor-version":[{"id":906,"href":"http:\/\/hv-archi.com\/index.php\/wp-json\/wp\/v2\/pages\/567\/revisions\/906"}],"wp:attachment":[{"href":"http:\/\/hv-archi.com\/index.php\/wp-json\/wp\/v2\/media?parent=567"}],"curies":[{"name":"wp","href":"https:\/\/api.w.org\/{rel}","templated":true}]}}